-w**3 + 10*w**2 + 5*w - 9. Let r be m(10). Let d = r - 23. List the prime factors of d.
2, 3
Let s(o) = -273*o + 8. List the prime factors of s(-1).
281
Suppose 5*s - w = -3*w - 35, -2*s + 2*w - 28 = 0. Let f(j) = -2*j + 1. List the prime factors of f(s).
19
Let a(x) = -10*x**3 + 5*x**2 - 5*x**2 + x - 2*x. What are the prime factors of a(-1)?
11
Suppose 4*p - 10 - 2 = -4*g, -1 = p. Suppose 3*o - g*o + 17 = 0. List the prime factors of o.
17
Let y(f) = -f**2 + 6. Let r be (2/(-4))/1*0. Let z be y(r). Let v = 25 - z. What are the prime factors of v?
19
Let o = 630 - 350. What are the prime factors of o?
2, 5, 7
Let g be 15/(-20) - (-51)/4. List the prime factors of g - (0 + 1 + -2).
13
Let z(a) = a**2 - 6*a + 5. Let m be z(6). Suppose 2*o - 1 = m. Suppose 4 = -o*l + 34. What are the prime factors of l?
2, 5
Suppose 5*z - 4*f = 205, 0 = 5*z - z - 5*f - 173. What are the prime factors of z?
37
Let q(f) = 2*f + 1. Let l be q(-1). Let i(k) = 1 - 3*k - 7*k + 2*k. What are the prime factors of i(l)?
3
Let y be (-1)/5 + 72/10. Let a be (-5 - 0)*1*-2. Suppose 4*z + n - y = -0, -2*n = a. List the prime factors of z.
3
Suppose -2*q - 5 = -d, -20 = -5*d + 7*q - 2*q. Let s be 1 + d/(-3)*-1. Suppose 4*i + 10 = -r, -s*i - 1 = r - i. What are the prime factors of r?
2
Let x(c) = -8*c - 5. Let b(q) = q - 1. Let k(d) = 5*b(d) - x(d). List the prime factors of k(1).
13
Suppose -5 = -2*b + 3*b, -3*s + 565 = -5*b. List the prime factors of s.
2, 3, 5
Suppose 0 = -m - m. Suppose 3*s - 7 - 11 = m. What are the prime factors of s?
2, 3
Let b(f) = f**3 + 5*f**2 - 2*f + 4. Let s(v) = -2*v - 1. Let r be s(2). What are the prime factors of b(r)?
2, 7
Let c(b) = 2*b**2 + 2*b + 3. Let w be c(6). List the prime factors of w/27 - 4/18.
3
Let i = -2505 + 1344. List the prime factors of (-6)/33 - i/33.
5, 7
Suppose 0*r = -3*r + 30. What are the prime factors of r?
2, 5
Let t be 195/9 + (-4)/6. Let g = t - 7. List the prime factors of g.
2, 7
Suppose -24 = 5*d - 74. What are the prime factors of d?
2, 5
List the prime factors of (-1)/(-4) - 285/(-12).
2, 3
Let c = 111 + 44. What are the prime factors of c?
5, 31
Let y(t) = t + 6. Let m(w) = -w - 2. Let v be m(4). Let l be y(v). Suppose -26 + l = -2*x. List the prime factors of x.
13
Let x(i) = i**3 + 3*i**2 - 4*i + 3. Let t be x(-4). Suppose 11 = -k + 66. Suppose 0 = f - t*g - 11, -k = -5*f - 2*g + 7*g. List the prime factors of f.
11
Suppose 4*v - 453 = -p, -4 = -p - 3. What are the prime factors of v?
113
Suppose 5*w = -3*w + 368. What are the prime factors of w?
2, 23
Let f be (-6)/1*3/(-6). Suppose f = 3*p - 45. List the prime factors of p.
2
Let t = -41 + 38. Let z be (2/(-5))/((-1)/10). List the prime factors of 2/z*(t - -17).
7
Let o = -7 - -11. Suppose o*u = 7 + 1. Let a = u - -8. List the prime factors of a.
2, 5
Suppose 0 = 3*x - 0*t + 2*t - 102, x - 29 = t. What are the prime factors of x?
2
Let a be (1/(-2))/(1/(-2)). Let x = 11 + a. What are the prime factors of x?
2, 3
Let m = 5 + 7. What are the prime factors of m?
2, 3
Let r = -108 + 161. List the prime factors of r.
53
Let b(f) = f**2 + 5*f - 4. Let o be b(-6). List the prime factors of (3/(-6) - o)*-6.
3, 5
Suppose 3 = r - 2. List the prime factors of r.
5
Let l be 1/((4/5)/4). Suppose 0 = l*s + 8 + 17. Let y(x) = x**2 + 3*x + 3. List the prime factors of y(s).
13
Suppose -3*s - 8 = -5*s. Suppose 0 = k + 4*f - 25, -s*k + 3*f + 37 = -2*f. What are the prime factors of k?
13
Let j = 197 - 139. Let s = j + -22. What are the prime factors of s?
2, 3
Let g = -74 + 121. Suppose 3*u = 7 + g. Let f = u + -8. List the prime factors of f.
2, 5
Suppose 0 = b - 3*b + 10. Suppose w = 5*w - b*p - 24, 5*w - p = 51. Suppose -3*h = -4*g + 33 + w, g + 5*h = 11. What are the prime factors of g?
11
Let i(q) = 2*q - 10. Let f be 11 - (0 + 2)/1. List the prime factors of i(f).
2
Let m(k) = 2*k + 9. Let u be m(-8). Let d = -3 - u. Suppose 13 = 2*p - d*b + 1, -4*p - 2*b = -54. What are the prime factors of p?
2, 3
Let w(m) = -m + 1. Let t be w(-7). List the prime factors of 2/((t/(-10))/(-2)).
5
Suppose 3*k = -2*k + 975. List the prime factors of k.
3, 5, 13
Let k = 193 + -89. List the prime factors of k.
2, 13
Let i(f) = 2*f - 11. Let r be i(8). Suppose -r*c + 63 = -2*c. Suppose c = 3*j - 12. What are the prime factors of j?
11
Let c be (1/(-2))/(1/8). Let o = -5 - c. Let t = 4 - o. List the prime factors of t.
5
Suppose 0*g + 4*j = 5*g - 11, -4*g = j + 8. Let k be (0 - g)*(4 + -4). Suppose k*q - 3*q = -48. List the prime factors of q.
2
Let y(n) = -n + 3. Let x = 9 - 16. What are the prime factors of y(x)?
2, 5
Suppose 5*a = -4*u + 159 - 10, 2*u - a = 85. List the prime factors of u.
41
Let y = 78 + 29. What are the prime factors of y?
107
Let l = 5 - -19. List the prime factors of l.
2, 3
Suppose 2*o = -2*o + 8. What are the prime factors of o?
2
Let g be (2/(-5))/(8/(-120)). What are the prime factors of 36/10*20/g?
2, 3
List the prime factors of (108/(-42))/((-6)/224).
2, 3
Suppose 5 = 2*o - 5. Suppose 44 = 5*m - 3*h, -5*h = -o*m + 7 + 43. What are the prime factors of m?
7
Suppose 24 = 5*z + 2*j, -2*z = 2*j - 7*j - 27. What are the prime factors of z?
2, 3
Let n = -17 + 20. What are the prime factors of n?
3
Suppose 3*x = 4*a - 35, -2*a - 3*x + 13 = -6*x. Let o = 15 - a. Let b(m) = m + 3. What are the prime factors of b(o)?
7
Let t(q) = q**3 - 12*q**2 - q + 14. Let x be t(12). Suppose -x*w + 3*w = 18. List the prime factors of w.
2, 3
List the prime factors of (1 - -7)*164/8.
2, 41
Suppose -2*u + u = -10. Let d = u + -6. What are the prime factors of d?
2
Let q(n) = n**3 - 2*n**2 - 3*n. What are the prime factors of q(4)?
2, 5
Suppose m - 5*m + 30 = 2*h, -3*h = -5*m + 10. Suppose -3*u + 0*u - x = -19, -x = h. Suppose 4*j = -0*j + u. List the prime factors of j.
2
Let p = 5 - 2. Suppose -4*w + 2*j = 0, -2*w - 3*j = -p*w. Suppose w = 4*a - 8. List the prime factors of a.
2
Suppose 4*t + 5 = 25. Suppose -3*a = 17 - 5, -5*g + t = 5*a. What are the prime factors of g?
5
Let c(r) = -2*r**2 - 8 + 5*r - 18*r**3 + 4 + 19*r**3. List the prime factors of c(3).
2, 5
List the prime factors of (-16 + -1)/((-6)/96).
2, 17
Let m be 2*(92/(-8) + 3). Let o = -1 - -2. Let n = o - m. What are the prime factors of n?
2, 3
Let g(a) = a**3 - 2*a**2 - 5*a - 17. What are the prime factors of g(6)?
97
Suppose -5*g - 2*d - d + 34 = 0, 5*g - 2*d - 19 = 0. Let k = 4 - g. List the prime factors of (-7 - k)/(6/(-16)).
2
Suppose -3*o - 2*o = -230. List the prime factors of o/11 - (-2)/(-11).
2
Let t = 18 + -13. Suppose -2*q - 30 = -t*q. What are the prime factors of q?
2, 5
Let l be (-978)/(-27) - (-4)/(-18). Let n = l - 4. List the prime factors of n.
2
Let b = -11 + 11. Suppose 4*v + 4*k = 16, -4*v + 7*v + 2*k - 11 = b. Suppose -2*u = 8, 64 = 3*l + v*u - 7*u. What are the prime factors of l?
2
List the prime factors of (0 - -1)/(6/324).
2, 3
Let q = 273 + -192. List the prime factors of q.
3
Let k(g) = -11*g**3 + g**2 + 2*g + 6. What are the prime factors of k(-3)?
2, 3, 17
Let s(m) = m**3 - m**2 + 1. Let g be s(2). Let w(n) = -6 - g*n + 0 + 2*n. List the prime factors of w(-6).
2, 3
Let p(d) = 9*d**2 + d + 1. Let h be 1/(-2) - (-4)/(-8). List the prime factors of p(h).
3
Let h be 0 + (-3)/((-12)/8). List the prime factors of (-5 + 6)/(h/16).
2
Let h(j) = -2*j + 0 - j**3 - 7*j**2 + 0 - 1 - 8. List the prime factors of h(-7).
5
Let q(m) = 2*m**2 - 12*m - 11. List the prime factors of q(9).
43
Suppose -d = 3*d - 4. Let c = d + 3. Suppose 3*m - 15 = -3*r, -r = c*m - 2*r - 20. List the prime factors of m.
5
Suppose -3*t + 3*c = -c - 65, -4*t + 2*c = -100. List the prime factors of t.
3
Suppose 0 = 2*k - 96 - 230. What are the prime factors of k?
163
Let m be -1*-4*(-1)/(-2). Suppose -n = -3*b + 8, 4*b = -0*n - m*n + 24. List the prime factors of b.
2
Suppose 6*s - 330 = s. What are the prime factors of s?
2, 3, 11
Let c be (-38)/1*(-4)/8. What are the prime factors of 1/(-1) + c + 2?
2, 5
Suppose -2*o = -d + 8, -3*d - 5 = 3*o - 2. Let w(k) = 3*k**3 - 2*k**2 - 2*k. List the prime factors of w(d).
2, 3
Let l = 33 - 8. What are the prime factors of l?
5
Suppose 2*s = 48 + 36. What are the prime factors of s?
2, 3, 7
Let v = 3 - -141. List the prime factors of v.
2, 3
Let g be 0*3*(-2)/12. Suppose 0*q - 3*q - 2